erivative of w**4/12 + 5*w**3/6 + w**2. What are the prime factors of t(8)?
3, 7
Let r(n) = 7*n**3 - 2*n**2 + n. Suppose -3*b + 4 - 1 = 0. Let i be r(b). Suppose s - 4 = i. List the prime factors of s.
2, 5
Suppose 6*i = -i + 420. List the prime factors of i.
2, 3, 5
Suppose -8*g = -4*g - 24. What are the prime factors of g?
2, 3
Let n(w) be the first derivative of w**3/6 - 3*w**2/2 - 4*w + 4. Let p(o) be the first derivative of n(o). List the prime factors of p(6).
3
Let j = 2 + 2. Let x = 2 + j. List the prime factors of x.
2, 3
Suppose -93*b + 88*b + 1315 = 0. What are the prime factors of b?
263
Let g(s) be the third derivative of s**6/120 - s**5/30 - s**3/6 - 5*s**2. List the prime factors of g(3).
2
Let w = -19 - -13. Let l = -13 - -16. List the prime factors of (10 - l)*w/(-7).
2, 3
Let d(n) = -38*n**3 + n**2 - 4*n - 5. List the prime factors of d(-2).
311
Let z = 12 + 0. Let k = z - 4. List the prime factors of k.
2
What are the prime factors of (13/((-325)/(-960)))/((-3)/(-10))?
2
Let n(o) = -o**3 - 7*o**2 - 4*o + 8. Let v be n(-6). Let b(g) = -g - 3. Let p(y) = 3*y + 7. Let f(q) = -9*b(q) - 4*p(q). List the prime factors of f(v).
11
Let g be 6 + (0/(-1) - 2). Suppose 2 = -j + 5. Suppose 17 + j = g*q. What are the prime factors of q?
5
Let y be ((-45)/(-6))/((-6)/(-56)). Let r = y - 44. List the prime factors of r.
2, 13
Suppose -2*b + 15 = -5*b. Let a = 16 - 1. Let h = b + a. List the prime factors of h.
2, 5
Let p(r) = 7*r**2 - 1. Let v be p(-2). Let m = 60 - v. Suppose -z + 4*a = 2*z - m, -a = 3*z - 18. List the prime factors of z.
7
Let g(j) = 2*j**3 + 3*j + 5. Let t be g(-3). Let u = t + 90. List the prime factors of u.
2
Suppose -3*t + 3 + 168 = 5*i, -5*t + 251 = -3*i. Suppose -t = -a + 4*x, -5*a + 170 = -2*x - 0*x. What are the prime factors of a?
2
Let d = -96 - -179. What are the prime factors of d?
83
Let u = 22 - 19. Suppose -2*d + u*g + 95 = 0, g + 2*g = -4*d + 163. List the prime factors of d.
43
Let u = -9 + -3. What are the prime factors of (62/(-5))/(u/30)?
31
Let m(o) = o**2 - o - 10. Let a be m(0). Let c = 18 - a. Suppose 3*n - c = 8. What are the prime factors of n?
2, 3
Let k(r) = -8*r**3 - r**2 - 3*r + 2. List the prime factors of k(-2).
2, 17
Let x be 114/10 + (-12)/(-20). Let t be 27/x - (-1)/(-4). List the prime factors of t - (2/(-1) + 1).
3
Let d = -1 - -24. What are the prime factors of d?
23
Let b(g) = 5*g + 12. List the prime factors of b(5).
37
Suppose -f - 1 = -4*x, -2*x - 3*x + 5*f + 5 = 0. Suppose -5*y = -x - 50. What are the prime factors of y?
2, 5
Let p = 300 + -94. What are the prime factors of p?
2, 103
Let u be 1/(-3) - (-1001)/(-39). Let r = u + 47. What are the prime factors of r?
3, 7
Let d = -4 - -11. Let x(y) = 4*y - 10. Let s be x(d). Suppose 4*a + 6 = s. List the prime factors of a.
3
Let h = 775 + -478. List the prime factors of h.
3, 11
Let p = 25 + 16. List the prime factors of p.
41
Suppose -m + 119 = -3*r + 423, -5*m - 296 = -3*r. Suppose -r = -0*p - 6*p. What are the prime factors of p?
17
Let s(q) = -81*q - 75. What are the prime factors of s(-6)?
3, 137
Suppose 17 = 4*s + 1. What are the prime factors of ((-25)/(-2))/(2/s)?
5
Let p = 0 + 0. Let r = -60 + 81. Suppose 0*v = 3*i - 3*v - r, p = 3*i + v - 17. What are the prime factors of i?
2, 3
Let j(u) = -4*u**3 - 3*u - 1. Let y be j(-2). Suppose 4*g + 5*m + 28 = 5*g, y = 4*g - 5*m. Let n = g - -2. List the prime factors of n.
5
Let i = 212 - 148. Let j = -46 + i. List the prime factors of j.
2, 3
Let o(g) = g - 1. Let c be 14/(-2*(-3)/3). Suppose c + 1 = v. What are the prime factors of o(v)?
7
List the prime factors of ((-24)/(-5))/((-51)/(-340)).
2
Let j(u) = 2*u + 1 - 10 + 16*u**2 + 10. What are the prime factors of j(-1)?
3, 5
Let u be 6/(-15)*(-15)/(-3). What are the prime factors of 25 - -2*(-1)/u?
2, 13
Let g be (20/6)/((-3)/9). What are the prime factors of (-186)/(-15) - 6/g?
13
Let y be ((-4)/10)/(8/(-120)). Suppose y*k + 16 - 172 = 0. List the prime factors of k.
2, 13
Suppose -4*g + 3*g = 2*x - 722, 0 = -3*x - g + 1082. List the prime factors of (4/10)/(4/x).
2, 3
What are the prime factors of 13/52 + (-974)/(-8)?
2, 61
Let d be ((-15)/9)/(-1)*6. Suppose 5*o - 5 = d. What are the prime factors of o?
3
Let l(t) = 8*t**3 - t**2 - 3*t + 3. Let o be l(2). Suppose 3*v = -3*r - o, 0 = -r + 5*v - 0*v - 25. Let u = -10 - r. List the prime factors of u.
2, 5
Let c = -94 - -174. Let x = -16 + c. Suppose 0*t = -4*t + x. List the prime factors of t.
2
Let i = 291 + 28. List the prime factors of i.
11, 29
Suppose i - 96 = d, 0 = -2*i - 6*d + d + 171. List the prime factors of i.
3, 31
Let n(g) = g**3 - 22*g**2 + 21*g - 11. What are the prime factors of n(22)?
11, 41
Let x(t) = t**2 + 5*t + 4. Let k be x(-5). Let y = 8 - k. Suppose 0 = -v + y - 0. List the prime factors of v.
2
Let o = -42 + 73. List the prime factors of o.
31
Suppose -10 = 4*u - 114. Suppose -10*i + 80 = -5*i. Let j = u - i. List the prime factors of j.
2, 5
Suppose 0*x - j - 55 = x, x = -3*j - 45. Let f = -33 - x. List the prime factors of f.
3
Let v(r) = -2*r - 2. Let n be v(-2). Suppose -2*j = -4*b + n*j - 8, -2*b = j + 1. List the prime factors of (0 + -5 - b)*-2.
2
Suppose j - 6 = g, -1 = -4*g + 3. List the prime factors of j/1 - (-3)/1.
2, 5
Let u = 7 - 4. Suppose -p + 3 = -u. List the prime factors of p.
2, 3
Suppose 3*l + 42 = 2*w - 35, 2*l - 28 = -w. What are the prime factors of w?
2, 17
Let w(r) = r + 6. Let g be w(-7). Let l = g + 3. What are the prime factors of (1 - -1)/l - -7?
2
Suppose -3*v = -15, -3*m - m + 3*v + 1 = 0. Suppose -m*i + 35 + 17 = 0. Let n = i + -6. What are the prime factors of n?
7
Suppose 0*u + 2*u = 2*r + 4, -2*r + 10 = 5*u. List the prime factors of u.
2
Let z(v) = -v**3 + 2*v**2 - 7*v - 8. List the prime factors of z(-5).
2, 101
Suppose 2*p = 5*p - 39. Suppose 5*n + 3 = 13. Suppose 0 = -n*r + p + 21. List the prime factors of r.
17
Let p be (15/6)/((-4)/(-24)). Suppose -4*z - 33 = p. List the prime factors of (4/z)/((-2)/36).
2, 3
Suppose -3*u + 48 = u. What are the prime factors of (6/u)/(1/50)?
5
Suppose -2*z + 156 = z. Suppose -z = -4*t + 32. List the prime factors of t.
3, 7
Suppose 4*m - 1186 = 2*d, 3*d + 2*d = -3*m + 922. List the prime factors of m.
13, 23
Let m = 6 + -8. Let o be 1 + (-1 - m*1). Suppose -44 = -k - o*k + 5*h, h = -k + 4. What are the prime factors of k?
2
Suppose -17 = -14*z + 13*z. Suppose t + 4 - z = 0. List the prime factors of t.
13
List the prime factors of (40 - 3) + -1 - -3.
3, 13
Suppose -4*d + 396 = 4*q, 3*q + 0*q - 9 = 0. List the prime factors of d.
2, 3
Let w be ((-8)/2)/((-22)/121). Let y = w + -12. What are the prime factors of y?
2, 5
Let a = -389 - -683. What are the prime factors of a?
2, 3, 7
Let i be -1 + 3/(6 - 3). Suppose 4*b + 0*b - 80 = i. List the prime factors of b.
2, 5
Let p(s) = -s**3 + 15*s**2 + 16*s - 3. List the prime factors of p(14).
3, 139
List the prime factors of ((-3)/(-2))/((-2)/(-52)).
3, 13
Let a = -7 + 31. List the prime factors of a.
2, 3
Suppose 0 = -q + 6*q - 25. Suppose -o - 5*a - 15 = 0, -2*o + q + 1 = a. List the prime factors of o.
5
Suppose s + 1 = 3*l - 12, -3*s + 13 = 4*l. Let g be 12/(s - (-5)/2). Suppose g*q + 20 = 12*q. List the prime factors of q.
5
Suppose -3*l + 2*s + 46 = 0, -2*l - 2*l - s + 43 = 0. Suppose -5*p + 2 = -0*p - 2*d, 6 = -3*p + 3*d. Suppose 6*f = p*f + l. What are the prime factors of f?
3
Suppose 369 = -11*p + 14*p. List the prime factors of p.
3, 41
Suppose g - 4 = -g. Suppose g*d = 43 + 5. What are the prime factors of (-62)/(-6) + 16/d?
11
Let f be (-2)/4 + 7/2. Suppose 4*x - 3*x = f. What are the prime factors of 3 - x - (-12)/2?
2, 3
Suppose 0 = s - 2*s + 4. Suppose 5*j - 135 = -5*v, -2*v + 46 = 2*j - s*v. Let n = -12 + j. What are the prime factors of n?
13
Let g(z) be the second derivative of -z**3/6 - z**2/2 - 3*z. Let w be g(-2). List the prime factors of w*9 + (-6)/(-3).
11
Let p be ((-4)/6)/((-1)/(-3)). What are the prime factors of -12*(6/4 + p)?
2, 3
Suppose -3483 = -8*l - l. What are the prime factors of l?
3, 43
Let o(s) = s**2 + 6*s - 8. Let p be o(-7). Let r = p - -4. What are the prime factors of (-8)/(-3) + (-2)/r?
2
Let t be 2 + 2/6*0. Let b(l) = 8*l**2 - 2*l. Let c be b(t). Suppose c = 2*a + 8. List the prime f